ommon divisor of 46 and 782?
46
Calculate the greatest common divisor of 360 and 300.
60
What is the highest common factor of 460 and 1035?
115
What is the greatest common factor of 11604 and 60?
12
Calculate the highest common divisor of 33 and 42.
3
Calculate the highest common divisor of 16 and 1264.
16
Calculate the highest common factor of 88 and 200.
8
Calculate the highest common divisor of 40 and 35.
5
Calculate the highest common divisor of 1541 and 23.
23
Calculate the greatest common factor of 6 and 842.
2
What is the greatest common divisor of 41 and 48913?
41
Calculate the greatest common factor of 8924 and 1940.
388
Calculate the highest common divisor of 91 and 897.
13
What is the highest common factor of 118 and 1534?
118
Calculate the greatest common factor of 1 and 41.
1
What is the greatest common divisor of 4150 and 50?
50
What is the highest common factor of 516 and 3354?
258
What is the highest common factor of 10 and 4910?
10
Calculate the greatest common divisor of 56 and 126.
14
Calculate the greatest common divisor of 14 and 497.
7
What is the greatest common factor of 1293 and 3?
3
Calculate the highest common divisor of 28 and 5782.
14
Calculate the highest common divisor of 27029 and 604.
151
Calculate the greatest common factor of 99 and 477.
9
Calculate the greatest common divisor of 288 and 464.
16
Calculate the highest common divisor of 51 and 357.
51
What is the greatest common factor of 92 and 138?
46
What is the highest common factor of 377 and 39?
13
What is the highest common divisor of 98 and 126?
14
What is the highest common divisor of 1062 and 18?
18
What is the greatest common divisor of 3238 and 2?
2
Calculate the highest common factor of 4 and 36.
4
What is the highest common divisor of 147 and 7301?
49
What is the highest common divisor of 275 and 14905?
55
What is the greatest common factor of 2 and 49?
1
What is the highest common divisor of 574 and 10086?
82
Calculate the greatest common divisor of 32 and 208.
16
What is the highest common factor of 119 and 1393?
7
Calculate the greatest common factor of 11704 and 56.
56
Calculate the greatest common divisor of 6 and 669.
3
Calculate the greatest common divisor of 550 and 800.
50
Calculate the highest common divisor of 636 and 12.
12
Calculate the greatest common divisor of 10712 and 104.
104
Calculate the greatest common divisor of 12610 and 30.
10
Calculate the highest common factor of 1204 and 1582.
14
Calculate the greatest common divisor of 14972 and 19.
19
What is the greatest common divisor of 860 and 40?
20
Calculate the greatest common factor of 1121 and 57.
19
What is the highest common factor of 276 and 736?
92
What is the greatest common divisor of 21 and 63?
21
Calculate the highest common factor of 4 and 106.
2
Calculate the greatest common divisor of 288 and 5856.
96
Calculate the highest common factor of 14 and 1652.
14
Calculate the highest common factor of 11 and 77759.
11
Calculate the highest common divisor of 12 and 90504.
12
Calculate the highest common factor of 513 and 108.
27
Calculate the greatest common factor of 404 and 303.
101
What is the highest common factor of 144 and 912?
48
What is the greatest common divisor of 100 and 175?
25
Calculate the highest common divisor of 448 and 25312.
224
Calculate the greatest common factor of 1150 and 5.
5
Calculate the greatest common divisor of 385 and 6545.
385
What is the greatest common factor of 581 and 83?
83
Calculate the highest common factor of 245 and 15.
5
What is the greatest common factor of 364 and 520?
52
What is the highest common factor of 143 and 26?
13
What is the greatest common factor of 69 and 3?
3
What is the greatest common factor of 8588 and 76?
76
Calculate the highest common divisor of 10 and 530.
10
Calculate the greatest common divisor of 338 and 754.
26
Calculate the greatest common factor of 609 and 21.
21
What is the greatest common divisor of 483 and 69?
69
What is the greatest common factor of 6 and 102?
6
Calculate the highest common factor of 2201 and 1136.
71
What is the highest common factor of 1778 and 28?
14
Calculate the greatest common factor of 58 and 7917.
29
What is the greatest common divisor of 6 and 129?
3
Calculate the greatest common divisor of 1008 and 3906.
126
What is the greatest common factor of 1001 and 11?
11
What is the highest common factor of 11528 and 264?
88
Calculate the highest common divisor of 2054 and 494.
26
What is the highest common divisor of 114 and 6042?
114
Calculate the highest common factor of 46 and 7360.
46
Calculate the greatest common factor of 25 and 425.
25
What is the greatest common divisor of 60 and 285?
15
Calculate the highest common divisor of 2624 and 1804.
164
Calculate the greatest common divisor of 63 and 45.
9
Calculate the greatest common divisor of 30 and 290.
10
What is the highest common divisor of 1310 and 393?
131
Calculate the greatest common divisor of 656 and 1744.
16
Calculate the greatest common factor of 1665 and 13653.
333
Calculate the highest common factor of 64 and 1888.
32
Calculate the highest common factor of 42 and 1106.
14
Calculate the highest common factor of 2 and 284.
2
What is the highest common divisor of 6 and 54?
6
Calculate the highest common factor of 1974 and 434.
14
What is the greatest common divisor of 44 and 33?
11
Calculate the highest common factor of 4 and 81.
1
What is the greatest common divisor of 1 and 447?
1
Calculate the greatest common factor of 87 and 9483.
87
What is the highest common factor of 160 and 1256?
8
What is the highest common factor of 69 and 7613?
23
What is the greatest common divisor of 40 and 55?
5
Calculate the greatest common divisor of 245 and 35.
35
What is the highest common divisor of 366 and 12?
6
Calculate the highest common factor of 108 and 8.
4
Calculate the greatest common factor of 24 and 21.
3
Calculate the greatest common factor of 56 and 252.
28
What is the highest common divisor of 126 and 294?
42
Calculate the highest common factor of 6596 and 68.
68
What is the greatest common divisor of 2 and 361?
1
Calculate the greatest common divisor of 7 and 84.
7
What is the highest common divisor of 196 and 1813?
49
Calculate the highest common factor of 18 and 5274.
18
What is the greatest common factor of 27 and 1422?
9
What is the greatest common divisor of 33 and 363?
33
What is the greatest common factor of 2208 and 1056?
96
Calculate the greatest common divisor of 972 and 48.
12
Calculate the greatest common divisor of 686 and 14.
14
Calculate the highest common factor of 903 and 387.
129
Calculate the greatest common factor of 1688 and 56.
8
What is the greatest common factor of 912 and 48?
48
What is the greatest common divisor of 12 and 1004?
4
What is the greatest common divisor of 169 and 143?
13
What is the greatest common divisor of 17861 and 53?
53
What is the greatest common factor of 1287 and 234?
117
What is the highest common factor of 11 and 913?
11
What is the highest common divisor of 804 and 7437?
201
Calculate the greatest common divisor of 36 and 15354.
18
What is the highest common factor of 13 and 1807?
13
Calculate the greatest common divisor of 3854 and 287.
41
Calculate the highest common factor of 78 and 78.
78
What is the highest common factor of 30371 and 121?
121
Calculate the highest common divisor of 72 and 120.
24
What is the greatest common divisor of 235 and 2209?
47
What is the highest common divisor of 14 and 406?
14
What is the highest common factor of 257 and 38293?
257
Calculate the highest common divisor of 250 and 7050.
50
Calculate the greatest common divisor of 292 and 4.
4
What is the greatest common factor of 68 and 10132?
68
What is the greatest common factor of 99 and 18?
9
What is the highest common factor of 7500 and 60?
60
What is the greatest common divisor of 15 and 5?
5
Calculate the greatest common factor of 30 and 48.
6
What is the greatest common factor of 104 and 664?
8
Calculate the greatest common factor of 333 and 629.
37
What is the greatest common factor of 256 and 48?
16
Calculate the highest common divisor of 440 and 110.
110
What is the highest common factor of 117 and 3991?
13
Calculate the highest common divisor of 63 and 1897.
7
Calculate 